{"id":305,"date":"2018-12-20T16:51:14","date_gmt":"2018-12-20T16:51:14","guid":{"rendered":"http:\/\/paroquiadeparanhos.net\/webnew\/?page_id=305"},"modified":"2022-12-15T09:04:03","modified_gmt":"2022-12-15T09:04:03","slug":"missas-da-paroquia","status":"publish","type":"page","link":"https:\/\/paroquiadeparanhos.net\/webnew\/index.php\/missas-da-paroquia\/","title":{"rendered":"Missas da Par\u00f3quia"},"content":{"rendered":"\n<p><strong><br>   Missas di\u00e1rias<\/strong><br><\/p>\n\n\n\n<p>Na Igreja todos os dias \u00e0s 19,00 h. <\/p>\n\n\n\n<p>Na Capela das Irm\u00e3s do Bom Pastor: Quinta-feira \u00e0s 9,30 h <\/p>\n\n\n\n<p><strong>Vespertinas: <\/strong><br><\/p>\n\n\n\n<ul class=\"wp-block-list\">\n<li>\u00e0s 17,00 h, na Capela das Irm\u00e3s do Bom Pastor.<\/li>\n\n\n\n<li>\u00e0s 19,00 h na Igreja Matriz<\/li>\n<\/ul>\n\n\n\n<p> <strong>Domingos:<\/strong><br><\/p>\n\n\n\n<ul class=\"wp-block-list\">\n<li>08,30 h, na Igreja Matriz <\/li>\n\n\n\n<li>11,00 h, na Cripta da Nova Igreja, <em>(em tempo de f\u00e9rias, \u00e9 na Igreja Matriz) <\/em> <\/li>\n\n\n\n<li>19,00 h, na Igreja Matriz<\/li>\n<\/ul>\n","protected":false},"excerpt":{"rendered":"<p>Missas di\u00e1rias Na Igreja todos os dias \u00e0s 19,00 h. Na Capela das Irm\u00e3s do Bom Pastor: Quinta-feira \u00e0s 9,30 h Vespertinas: Domingos:<\/p>\n","protected":false},"author":1,"featured_media":0,"parent":0,"menu_order":0,"comment_status":"closed","ping_status":"closed","template":"","meta":{"footnotes":""},"class_list":["post-305","page","type-page","status-publish","hentry"],"_links":{"self":[{"href":"https:\/\/paroquiadeparanhos.net\/webnew\/index.php\/wp-json\/wp\/v2\/pages\/305","targetHints":{"allow":["GET"]}}],"collection":[{"href":"https:\/\/paroquiadeparanhos.net\/webnew\/index.php\/wp-json\/wp\/v2\/pages"}],"about":[{"href":"https:\/\/paroquiadeparanhos.net\/webnew\/index.php\/wp-json\/wp\/v2\/types\/page"}],"author":[{"embeddable":true,"href":"https:\/\/paroquiadeparanhos.net\/webnew\/index.php\/wp-json\/wp\/v2\/users\/1"}],"replies":[{"embeddable":true,"href":"https:\/\/paroquiadeparanhos.net\/webnew\/index.php\/wp-json\/wp\/v2\/comments?post=305"}],"version-history":[{"count":4,"href":"https:\/\/paroquiadeparanhos.net\/webnew\/index.php\/wp-json\/wp\/v2\/pages\/305\/revisions"}],"predecessor-version":[{"id":6186,"href":"https:\/\/paroquiadeparanhos.net\/webnew\/index.php\/wp-json\/wp\/v2\/pages\/305\/revisions\/6186"}],"wp:attachment":[{"href":"https:\/\/paroquiadeparanhos.net\/webnew\/index.php\/wp-json\/wp\/v2\/media?parent=305"}],"curies":[{"name":"wp","href":"https:\/\/api.w.org\/{rel}","templated":true}]}}

Missas da Paróquia

<p><strong><br>   Missas diárias</strong><br></p>



<p>Na Igreja todos os dias às 19,00 h. </p>



<p>Na Capela das Irmãs do Bom Pastor: Quinta-feira às 9,30 h </p>



<p><strong>Vespertinas: </strong><br></p>



<ul class="wp-block-list">
<li>às 17,00 h, na Capela das Irmãs do Bom Pastor.</li>



<li>às 19,00 h na Igreja Matriz</li>
</ul>



<p> <strong>Domingos:</strong><br></p>



<ul class="wp-block-list">
<li>08,30 h, na Igreja Matriz </li>



<li>11,00 h, na Cripta da Nova Igreja, <em>(em tempo de férias, é na Igreja Matriz) </em> </li>



<li>19,00 h, na Igreja Matriz</li>
</ul>

<p>Missas diárias Na Igreja todos os dias às 19,00 h. Na Capela das Irmãs do Bom Pastor: Quinta-feira às 9,30 h Vespertinas: Domingos:</p>
